?
43
Let i(l) = -2013*l + 32214. Give i(16).
6
Let l(k) = -9*k**3 + 2591*k**2 + 280*k + 2271. Give l(288).
-33
Let v(d) = -d**2 + d + 50. What is v(0)?
50
Let j(k) = -14*k + 446. Calculate j(31).
12
Let p(k) = k**3 - 19*k**2 + 50*k - 8. Calculate p(16).
24
Let m(w) = w + 129. Give m(8).
137
Let z(u) = 87*u - 602. Give z(7).
7
Let j(n) = 691*n + 710. What is j(-1)?
19
Let g(l) = -20*l - 159. Determine g(-6).
-39
Let j(q) = 4*q**2 - 117*q + 52. Give j(29).
23
Let b(m) = 5*m**3 + 103*m**2 - 41*m + 17. Calculate b(-21).
-4
Let i(h) = 8*h - 445. Give i(54).
-13
Let f(g) = -81*g + 3483. Give f(43).
0
Let j(p) = 42*p + 406. Calculate j(-9).
28
Let j(o) = -o**3 - 110*o**2 + 460*o + 452. What is j(-114)?
-4
Let m(f) = -177*f**3 - 3*f**2 + 5*f - 2. What is m(1)?
-177
Let r(j) = 20*j + 330. Give r(-16).
10
Let d(p) = 4*p + 159. Calculate d(-45).
-21
Let r(w) = -1785*w - 1791. What is r(-1)?
-6
Let v(j) = j**3 + 16*j**2 - 73*j + 29. What is v(-20)?
-111
Let b(z) = z**3 + 8*z**2 - 17*z - 44. Give b(-4).
88
Let j(r) = 2*r**2 + 93*r + 373. Calculate j(-42).
-5
Let p(g) = g**3 - 31*g - 69. What is p(-2)?
-15
Let u(m) = 875*m - 18367. What is u(21)?
8
Let w(m) = -68*m**3 - 4*m**2 + 10*m - 6. Give w(2).
-546
Let c(q) = q**3 + 17*q**2 + 54*q + 363. What is c(-15)?
3
Let o(b) = -15*b**2 + 45*b + 9. Calculate o(3).
9
Let k(y) = -114*y + 1463. What is k(13)?
-19
Let u(c) = -193*c**2 - 2119*c - 44. Calculate u(-11).
-88
Let s(g) = 15*g + 690. What is s(-63)?
-255
Let p(k) = -3*k**2 + 164*k - 113. Give p(54).
-5
Let z(n) = -26*n - 397. What is z(-12)?
-85
Let c(b) = -7*b**2 - 14*b - 5. What is c(-2)?
-5
Let y(n) = 3*n**2 + 393*n + 7949. Determine y(-25).
-1
Let w(n) = -14*n**3 - 3*n**2 + n + 2. Give w(-2).
100
Let n(f) = 655*f + 8513. What is n(-13)?
-2
Let b(m) = -m**3 + 9*m**2 - 3*m + 203. Calculate b(10).
73
Let d(g) = -3*g**3 - 156*g**2 + 151*g - 392. Give d(-53).
32
Let n(l) = 6*l**2 + 24*l - 48. Calculate n(-5).
-18
Let g(k) = 44*k - 543. Determine g(14).
73
Let p(c) = -47*c - 380. Determine p(-15).
325
Let z(h) = -h**3 + 14*h**2 + 133*h - 1853. What is z(14)?
9
Let z(s) = -s**3 - 8*s**2 + 37*s - 59. What is z(6)?
-341
Let l(g) = g**2 - 83*g - 1364. What is l(-14)?
-6
Let h(r) = -r**2 + 54*r + 53. Calculate h(-1).
-2
Let t(u) = -30*u + 493. What is t(13)?
103
Let b(s) = 5*s - 107. Calculate b(23).
8
Let k(r) = -2*r**2 + 515*r + 3103. Give k(-6).
-59
Let k(v) = -18*v**2 + 67*v - 177. What is k(3)?
-138
Let d(s) = 2*s**3 - 156*s**2 + 729*s + 68. Give d(73).
-5
Let u(w) = -w**3 - 14*w**2 - 15*w - 133. Calculate u(-14).
77
Let m(v) = v**2 + 124*v + 2449. Determine m(-25).
-26
Let w(z) = z**3 - 112*z**2 + 14*z - 1571. What is w(112)?
-3
Let c(b) = -b**3 - 23*b**2 - 68*b - 144. What is c(-20)?
16
Let r(g) = -g**3 - 16*g**2 + 29*g - 100. What is r(-18)?
26
Let t(q) = 23*q + 718. Give t(-33).
-41
Let j(p) = p**3 + 19*p**2 - 2*p - 57. Determine j(-18).
303
Let n(w) = 33*w**3 - 299*w**2 + 14*w + 17. Give n(9).
-19
Let a(r) = -23*r**2 + 15*r - 3. Determine a(3).
-165
Let b(s) = 360*s - 1019. Determine b(3).
61
Let d(r) = r**3 + 31*r**2 + 226*r + 68. Give d(-11).
2
Let c(s) = -18*s - 81. Give c(-4).
-9
Let z(k) = 10*k - 150. Give z(9).
-60
Let u(k) = k**3 - 116*k**2 + 343*k - 433. Calculate u(113).
19
Let g(o) = -o**2 + 33*o - 102. Give g(21).
150
Let z(v) = -v**3 + 10*v**2 - 19*v + 165. Determine z(12).
-351
Let z(r) = -r**3 + 21*r**2 - 38*r + 60. What is z(17)?
570
Let b(f) = -2*f**2 + 608*f - 9748. Give b(287).
10
Let y(o) = -5*o + 46. What is y(18)?
-44
Let z(s) = 5*s**2 - 169*s - 583. Calculate z(37).
9
Let y(m) = m**2 + 7*m - 107. Calculate y(7).
-9
Let n(b) = -9*b + 363. Calculate n(42).
-15
Let u(a) = 6*a**2 - 71*a - 220. Determine u(-3).
47
Let h(z) = 1743*z - 15684. Give h(9).
3
Let a(c) = c**3 - 15*c**2 - c + 56. Calculate a(15).
41
Let h(l) = 4*l**3 - 120*l**2 + 16*l - 37. Calculate h(30).
443
Let k(v) = -6*v**2 - 156*v - 290. What is k(-24)?
-2
Let o(x) = -x**3 - x + 51. Give o(0).
51
Let g(v) = v**2 - 7*v - 12. Calculate g(8).
-4
Let i(q) = 63*q + 30. Give i(0).
30
Let f(x) = -x**3 - 3*x**2 - 75*x + 155. Calculate f(2).
-15
Let o(i) = -93*i + 273. What is o(6)?
-285
Let x(f) = -112*f - 478. Determine x(-5).
82
Let a(c) = -9*c**2 - 521*c - 1437. Give a(-55).
-7
Let h(t) = t**3 + t**2 - 20*t - 94. Determine h(-4).
-62
Let x(w) = w**2 - 45*w - 200. Calculate x(49).
-4
Let l(a) = -308*a + 8934. Give l(29).
2
Let v(p) = 694*p - 11127. Calculate v(16).
-23
Let i(p) = p**3 - 30*p**2 + 160*p - 33. Calculate i(23).
-56
Let y(s) = -560*s - 5202. Calculate y(-9).
-162
Let a(x) = -7*x - 29. Give a(3).
-50
Let m(x) = -x**3 + 11*x**2 + 779*x - 102. Determine m(-23).
-33
Let t(f) = 8*f**2 - 617*f + 9163. Give t(57).
-14
Let b(y) = -44*y**2 - 534*y + 536. Calculate b(1).
-42
Let n(y) = 3*y**2 + 42*y + 23. Calculate n(-18).
239
Let b(v) = -v**3 + 15*v**2 + 265*v - 3758. Determine b(13).
25
Let q(a) = 3*a**3 + 41*a**2 - 59*a + 11. Calculate q(-15).
-4
Let t(d) = -6*d + 2. Calculate t(4).
-22
Let f(m) = -201*m + 32747. Determine f(163).
-16
Let v(d) = -d**2 + 69*d - 1170. Determine v(27).
-36
Let s(y) = 786*y - 3123. What is s(4)?
21
Let g(c) = -16*c - 377. Give g(-26).
39
Let f(m) = -3*m**3 - 17*m**2 + 12. Determine f(-3).
-60
Let a(f) = -93*f**2 + 2788*f + 54. What is a(30)?
-6
Let c(o) = 8*o**3 - 71*o**2 - 15*o + 58. What is c(9)?
4
Let y(a) = 145*a - 91. Give y(1).
54
Let z(b) = b**3 - 6*b**2 - 104*b + 62. Calculate z(-8).
-2
Let h(d) = -d**3 - 10*d**2 - 12*d - 33. What is h(-6)?
-105
Let s(d) = -d**3 - 2*d**2 + 80*d + 14. Determine s(-12).
494
Let i(h) = -5*h**3 - 14*h**2 - 2*h - 28. Determine i(-6).
560
Let m(h) = -11*h**2 - 17*h - 25. Determine m(-2).
-35
Let t(b) = b**3 + 189*b**2 + 769*b + 122. What is t(-4)?
6
Let v(s) = -5*s**2 - 45*s - 88. Determine v(-8).
-48
Let g(y) = 2674*y + 16050. Calculate g(-6).
6
Let z(n) = -5*n - 20. Determine z(13).
-85
Let v(y) = -2371*y + 135144. Determine v(57).
-3
Let d(n) = -n**2 + 24*n + 42. Determine d(16).
170
Let d(x) = -27*x**2 - 739*x + 4005. Determine d(-32).
5
Let r(h) = 4*h**2 + 17*h - 8483. Determine r(44).
9
Let l(g) = -6*g**3 - 3*g**2 - 49*g + 51. Calculate l(1).
-7
Let x(f) = -f**2 - 33*f - 265. Calculate x(-19).
1
Let r(y) = 4*y**2 + 76*y + 17. What is r(-19)?
17
Let c(q) = 27*q + 11. Give c(7).
200
Let g(v) = v**3 + 13*v**2 - 6*v + 9. Determine g(-14).
-103
Let z(r) = -149*r + 10433. Determine z(70).
3
Let o(s) = -s**3 + 8*s**2 - 15*s + 4. Give o(6).
-14
Let y(b) = -196*b + 132. Calculate y(-3).
720
Let x(r) = -r**3 + 2*r**2 + 38*r + 15. Determine x(8).
-65
Let d(t) = 120*t - 3942. What is d(33)?
18
Let w(t) = 2*t**3 + 62*t**2 - 73*t - 251. Give w(-32).
37
Let u(l) = -l**3 - l**2 + 2*l - 10. Determine u(2).
-18
Let d(z) = -6*z**2 + 204*z + 5. Calculate d(34).
5
Let j(w) = -118*w**2 - 45*w + 44. Determine j(1).
-119
Let g(o) = -o**3 - 4*o**2 - 10*o - 18. Give g(-7).
199
Let l(v) = -v**3 - 30*v**2 - 269*v - 8073. Determine l(-30).
-3
Let j(v) = -v**2 + 39*v + 63. Calculate j(44).
-157
Let z(g) = 3*g - 296. What is z(20)?
-236
Let d(r) = 3528*r - 91729. Give d(26).
-1
Let v(p) = p**3 - 66*p**2 - 139*p + 215. Give v(68).
11
Let o(q) = 4*q - 278. Give o(-41).
-442
Let i(h) = -17*h - 378. Calculate i(-20).
-38
Let x(p) = 3*p**2 - 12*p + 9. What is x(3)?
0
Let s(u) = -u**2 - 2*u + 229. What is s(-17)?
-26
Let q(f) = -34*f + 1092. Calculate q(5).
922
Let u(v) = -303*v - 9404. What is u(-31)?
-11
Let x(i) = -7*i**2 - 1290*i - 329. Calculate x(-184).
39
Let k(h) = -2*h**2 + 186*h - 1228. Determine k(86).
-24
Let t(y) = -7*y - 151. Calculate t(-42).
143
Let q(a) = 4*a**2 + 199*a + 1336. Give q(-8).
0
Let l(a) = a**2 - 158*a + 6010. Determine l(94).
-6
Let v(x) = -497*x + 4962. Give v(10).
-8
Let h(u) = -87*u - 19918. Determine h(-229).
5
Let n(b) = 2726*b + 13640. Calculate n(-5).
10
Let x(n) = n**2 - 473*n + 5986. What is x(13)?
6
Let j(v) = -v**3 - 4*v**2 + 31*v - 84. What is j(3)?
-54
Let v(k) = 44*k**2 - 8*k - 65. What is v(-2)?
127
Let m(j) = 150*j - 2. What is m(-1)?
-152
Let g(b) = b**2 - 7*b + 3. Determine g(-9).
147
Let t(q) = 5*q**3 - 12*q**2 + 25*q - 3. Give t(4).
225
Let x(a) = -a**2 - 28*a - 14. Determine x(-29).
-43
Let z(k) = -3*k**2 + 35*k + 21. Determine z(12).
9
Let t(o) = 55*o + 359. What is t(-8)?
-81
Let